 j**2 - 2*j - 7. Let h be s(4). Let z(w) = 24*w**3 - w**2 - 2*w + 2. What is the remainder when z(h) is divided by 17?
6
Suppose -7*g - 2 + 23 = 0. Suppose g*q = p - 15, 2*p + q + 3 = 12. Calculate the remainder when 38 is divided by p.
2
Let x(s) = s**2 - 15*s + 96. Calculate the remainder when x(6) is divided by 29.
13
Suppose 38 = -4*h + 5*h. Suppose 36*y - h*y + 32 = 0. What is the remainder when 28 is divided by y?
12
Let m(s) = s**2 + 53*s + 525. Suppose b - 127 = -v, 0 = -b - 2*b - v + 385. What is the remainder when b is divided by m(-12)?
30
Let v(u) = u**2 - 9*u - 26. What is the remainder when 10 is divided by v(12)?
0
Let f(u) = -u**3 + 4*u**2 + 6*u - 3. Let k be f(5). Let n = 2200 - 2191. Calculate the remainder when n is divided by 1 + 3 + 0/k.
1
Let l = -42 + 73. Suppose 28*x - l*x + 111 = 0. What is the remainder when x is divided by 13?
11
Suppose 26 = -4*h + 130. What is the remainder when h is divided by (5 - 9)*(-21)/6?
12
Suppose 4*f - 91 = -g, 5*f = 7*g - 4*g - 290. Calculate the remainder when 320 is divided by g.
35
Suppose -15*k = -12*k - 387. Suppose -p - 2*p = -k. Calculate the remainder when p is divided by 15.
13
Suppose 218 = -3*r + q + 37, r - 3*q + 63 = 0. Let a be ((-12)/10)/(6/r). Suppose -4*s + a = -112. What is the remainder when 123 is divided by s?
30
Suppose -3*h - 3*o - 87 = -5*h, 0 = o - 3. Calculate the remainder when h is divided by 11.
4
Suppose 3008 = -25*u + 18683. Calculate the remainder when u is divided by 18.
15
Let k = -20 + 161. Suppose 69*i = -446 + 2930. Calculate the remainder when k is divided by i.
33
Let c = 12 - 2. Suppose h = f - 0*h + 22, -5*h - c = 0. What is the remainder when (92/6)/((-16)/f) is divided by 12?
11
Suppose -286*i = -277*i - 540. Calculate the remainder when 176 is divided by i.
56
Suppose -7*w = -10*w + 24. Calculate the remainder when (-714)/(-35) + 12/20 is divided by w.
5
Let u = -44 + 77. Suppose 45 = 3*v + 5*y, -3*v + 3*y = -36 - u. What is the remainder when 73 is divided by v?
13
Let m(p) = -p**3 + p - 1. Let b = -6 + 6. Let s be m(b). What is the remainder when ((-1027)/26)/(s/2) is divided by 20?
19
Let v(o) = 15*o. Suppose -336*q = -326*q - 310. What is the remainder when v(4) is divided by q?
29
Suppose t - 4*t = -54. What is the remainder when 35*2/(1 - 4 - -4) is divided by t?
16
Let z = -18 + 26. Suppose 4*i = 5*i + 18. Let s = z - i. What is the remainder when s is divided by 15?
11
Suppose -k + 0*k + 3*y = -15, 3*k - 5*y = 57. Calculate the remainder when 66 + 1 - (2 + 1) is divided by -3*(-52)/k*2.
12
Suppose -14 = -5*g + 46. Suppose l = 4*k - 145, 2*k + 2*l + 45 = 3*k. What is the remainder when k is divided by g?
11
Suppose -3*g - 2*l + 772 = 0, -3*l = 5*g - 1145 - 143. What is the remainder when g is divided by 9?
8
Let n(t) = t**2 + 14*t - 6. Let b(u) = -2*u**2 - 14*u + 7. Let v(l) = 4*b(l) + 5*n(l). Calculate the remainder when 46 is divided by v(4).
4
Let f = 402 + -269. Calculate the remainder when f is divided by 28.
21
Suppose 2*u + 2*l = 30, 4*l + 89 = 3*u + 30. Calculate the remainder when 134 is divided by u.
15
Let a(f) = -7*f + 168. Let r be a(24). Let q = 96 - -80. Suppose d + 4*c = -d + q, r = -c. Calculate the remainder when d is divided by 15.
13
Let g = -217 - -399. What is the remainder when g is divided by 37?
34
Suppose 2*j + 8 = 0, 5*k = 36*j - 38*j + 62. Suppose -2*w = -t + 2*w + 26, -5*w = -3*t + 50. Let a = -4 + t. Calculate the remainder when k is divided by a.
2
Let y(u) = u + 21. Let d be y(-14). What is the remainder when (-3)/7 + 269/d is divided by (-2)/(-3) + 336/36?
8
Suppose 5*y - 5 = 0, 8*p + 5*y - 35 = 5*p. Calculate the remainder when p is divided by 2.
0
Suppose 4*i = 4*p + 1088, 4*i + 2*p = 784 + 322. Suppose 4*h = 41 + i. Let v(z) = z**3 - 33*z**2 - z + 60. What is the remainder when h is divided by v(33)?
25
Let c be (-6)/(-33) + (-2)/11. Suppose 0*h + 8*h - 80 = c. What is the remainder when 26 is divided by h?
6
Suppose f + 2*h - 435 = 4*h, 0 = -5*h. What is the remainder when f is divided by 88?
83
Let f(s) = 4*s**2 - 2*s - 2*s**2 - s**2. Suppose -150*h + 152*h - 58 = 0. Calculate the remainder when h is divided by f(-2).
5
Let l = 107 - 60. Suppose -4*p + 56 = -2*x, 0 = 2*p + x - 5*x - 22. Calculate the remainder when l is divided by (5/p)/((-2)/(-72)).
11
Let a(h) = -h**2 - 22*h + 4. Let t be a(-22). Suppose -9*k + 140 = -t*k. Calculate the remainder when k is divided by 10.
8
Let w(t) = -6*t - 10. Let u(v) = 5*v**2 - 2*v**2 - 9 + 0*v**2 + 3*v - 2*v**2. Let k be u(-4). Calculate the remainder when 59 is divided by w(k).
19
Let k(q) = q**3 - 3*q**2 - 10*q - 29. What is the remainder when k(7) is divided by 20?
17
Let j(w) = 2*w**2 - 2*w. Let c(r) = -1. Let t = -38 + 39. Let i(z) = t*j(z) + c(z). Calculate the remainder when 19 is divided by i(-2).
8
Let z = 33 + -30. Suppose -4*h + 48 = 3*a, z*a + a + 4*h - 64 = 0. Calculate the remainder when a is divided by 10.
6
Suppose 0 = -39*b + 35*b + 280. Let u = b - 36. Calculate the remainder when u is divided by (-22)/(-2) + (-2)/1.
7
Let a = -222 + 228. What is the remainder when 26 is divided by a?
2
Let b = -40 - -40. Suppose -q - o + 56 = b, q + o - 76 = 4*o. Calculate the remainder when q is divided by 31.
30
Let p(f) = f + 11 - 3 + 14. Calculate the remainder when p(-11) is divided by 7.
4
Let i be -2*((-77)/(-2) + -3). Let t = -44 - i. Calculate the remainder when 106 is divided by t.
25
Let t = -208 - -124. Calculate the remainder when -2 + 24/14 - 2880/t is divided by 18.
16
Let d = 412 - 393. What is the remainder when 50 is divided by d?
12
Let a be (1 + (-15)/5)*-1. What is the remainder when 13 is divided by (-1 - -9)/(a*1)?
1
Suppose -n + 26 - 11 = 0. Let t = -10 + 42. Let d = 76 - t. Calculate the remainder when d is divided by n.
14
Suppose -k = 10*m - 7*m - 50, 0 = 3*m - 3*k - 66. Calculate the remainder when 41 is divided by m.
5
Suppose -2*c + 3 = -7, 95 = 5*r - 2*c. Calculate the remainder when 188 is divided by r.
20
Suppose -16*g + 20922 - 7754 = 0. What is the remainder when g is divided by 33?
31
What is the remainder when (-52)/44 + 1 + 22320/66 is divided by 5?
3
What is the remainder when 191 + (-5 + (-1 - -4))/(-2) is divided by 28?
24
Calculate the remainder when 165 is divided by ((-28)/8)/((5 - 0)/(-20)).
11
Let c = 117 - 80. Calculate the remainder when c is divided by 6.
1
Suppose 0 = 4*n + 3*j - 918, -4*n + 292 + 618 = -j. Calculate the remainder when n is divided by 18.
12
Let m(x) = x**3 - 2*x**2 + 2*x - 3. Let a be m(3). Let g = 15 - a. Let n(k) = 2*k**2 - 3*k + 2. What is the remainder when 43 is divided by n(g)?
10
Suppose 2*s = 5*q + 55, -3*s + 3 = 18. Let u = -11 - q. Let t(r) = 14*r. Calculate the remainder when 54 is divided by t(u).
26
Suppose 3*t + 2*o = 190, -57 = -5*t - 2*o + 253. Let b = -47 + t. What is the remainder when 50 is divided by b?
11
Let r = -75 + 113. Let k = 1916 - 1895. What is the remainder when r is divided by k?
17
Let p = -11 - -74. Let x(o) = -o**2 + 7*o - 4. What is the remainder when p is divided by x(5)?
3
Calculate the remainder when 173 is divided by 296/24*(1 + 2)*2.
25
Suppose 182*b + 48 = 183*b. Calculate the remainder when 275 is divided by b.
35
Suppose 3*s + 462 = 120. Suppose 0 = -2*l + l - 31. Let q = l - s. What is the remainder when q is divided by 28?
27
Let b = -9 + -9. What is the remainder when b/(-12)*(-244)/(-6) is divided by 21?
19
Suppose 0 = -4*w + 51 + 53. Let m(i) = -2*i + 39. Let p be m(18). Suppose -5*a = -p*l - l - 57, 2*l - 3 = -a. What is the remainder when w is divided by a?
8
Let g(n) = 8*n**2 + 4*n + 5. Suppose -9*x + 8*x - 3 = 0. What is the remainder when g(x) is divided by 33?
32
Let v be (-4)/(-12)*6/(-1). Calculate the remainder when (-488)/6*(-3)/2 is divided by 31*(-2)/v*1.
29
What is the remainder when 10/((-40)/(-28)) + 214 is divided by 56?
53
Suppose -5*j + f = -4*j - 86, -2*j + 157 = 3*f. Suppose -j = -4*h - 19. What is the remainder when 62 is divided by h?
14
Let a(n) = 4*n - 2. Let b(q) = q**3 - 5*q**2 + 5*q. Let w be b(4). Calculate the remainder when 24/18 - (366/(-9) - -3) is divided by a(w).
11
Let l(n) = -n + 12. Let o be l(6). Suppose 2*t + g = o*g + 87, -t + 36 = -g. What is the remainder when t is divided by 16?
15
Let q = -2891 - -